(-1)/((-2)/8) + 1. Let i = 2 + t. Let d = i - 3. List the prime factors of d.
2
Let i(u) = -10*u. Let m be i(-3). Let p = m + 2. List the prime factors of p.
2
Let d = -21 + 10. Let t = 11 + d. Suppose -4*i + 2*i + 32 = t. What are the prime factors of i?
2
Let h = -5 + 7. Suppose -3 = k - h*k. List the prime factors of k.
3
Let m be 0 - (-2 - (0 + -1)). Suppose m = 2*r + 7, 5*q - 5*r = 90. Suppose -3*s + 3 = -q. List the prime factors of s.
2, 3
Suppose 28 = -2*v - 12. Let d = -2 - v. Suppose 3*g - g - h = d, 4 = h. What are the prime factors of g?
11
Suppose 5*t = 2*t. Suppose t*h - 5*h = 30. Let m = h - -17. What are the prime factors of m?
11
Suppose 36 = q - 81. What are the prime factors of q?
3, 13
What are the prime factors of (12 + -80)/(2/(1 - 2))?
2, 17
Let f(o) = -o**2 - 10*o. What are the prime factors of f(-8)?
2
Suppose -2*v + 25 = -5*n, -4*v + n + 17 = -60. Let f = v + -12. List the prime factors of f.
2
Suppose -23*b = -27*b + 912. What are the prime factors of b?
2, 3, 19
Let w(k) = -k**2 + k + 13. Let s be (-5)/2 - 1/(-2). Let z = s - -2. List the prime factors of w(z).
13
Let f(n) = n - 7. Let l be f(6). Suppose -12 = -3*z - z. Let o = l + z. What are the prime factors of o?
2
Let a(w) = w**3 + 5*w**2 - 10*w + 6. Let s be a(-6). Let d = s + -14. List the prime factors of d.
2
Let h(u) = -2*u - 2. Suppose 2*g + 29 = 13. List the prime factors of h(g).
2, 7
Suppose 191 = 2*k - 185. List the prime factors of k.
2, 47
Suppose 3*s = 6*s - 63. What are the prime factors of s?
3, 7
Let l be 0/3*1/(-2). Let n(x) = x**2 - 5*x + 2. Let r be n(5). Suppose l*q = r*q - 18. List the prime factors of q.
3
Let b(c) = -c + 18. List the prime factors of b(11).
7
Suppose -4*n = -5*i - 53, -n - 28 = -3*n + 4*i. Suppose -n = 4*r - 64. Suppose d - r = 3*s, 0*d - 2*s - 52 = -5*d. What are the prime factors of d?
2, 5
Let q = 63 - 43. Suppose 20 + q = -4*o. List the prime factors of (-16)/o - 10/(-25).
2
Suppose 2 = 2*j - 2. Let y = 1 + j. Suppose y*w = 2*s - 8, -4*s + w = -2*s - 12. List the prime factors of s.
7
Let f = -14 + -4. Let n = 35 + f. What are the prime factors of n?
17
Let i = 35 - 20. List the prime factors of i.
3, 5
Let b(f) = -f**3 + 2*f**2 + 3*f - 5. Let t be b(2). Let h(o) be the second derivative of 7*o**4/12 + o**3/6 + o. List the prime factors of h(t).
2
Suppose -4*z - 16 = 3*k, 2 - 6 = z + 3*k. What are the prime factors of z/(-6) - 30/(-9)?
2
Let j = 646 - 262. What are the prime factors of j?
2, 3
Let w = -11 + 27. Suppose -p - 25 = -5*f, -p + w = f + p. What are the prime factors of f?
2, 3
Let m(l) = -l - 8. Let c be m(-6). Suppose u + 3*u = 200. List the prime factors of (6/(-15))/(c/u).
2, 5
Let p = -827 - -1283. What are the prime factors of p?
2, 3, 19
Suppose 0 = -6*j + 2*j + 28. What are the prime factors of (28/j)/(2/11)?
2, 11
Suppose -106 = -3*f - y, -f + 5*y = -4*f + 98. List the prime factors of f.
2, 3
Let x(m) = -5*m**2 + 2*m**3 - 2*m + 8 - 3*m**3 - 7. What are the prime factors of x(-6)?
7
Let q(j) = -4*j**2 - 17*j + 21. Let u(i) = 2*i**2 + 9*i - 11. Let a(f) = 2*q(f) + 5*u(f). What are the prime factors of a(-9)?
2, 5
Suppose -5*r = 2*j + 2*j + 20, 0 = 2*j - 4*r - 16. Let h(p) = -p - 1. Let t be h(j). What are the prime factors of (11/(-4))/(t/8)?
2, 11
Suppose 5*a - 3 = 7. Suppose 0 = -a*b + b + 28. List the prime factors of b.
2, 7
Suppose 0 = -5*n + 44 + 116. Suppose 10 = -2*p + 7*p. Suppose p*c + 4 = n. What are the prime factors of c?
2, 7
Let o(v) = 2*v**3 - 5*v**2 + 4*v. Suppose g + 1 = 4. List the prime factors of o(g).
3, 7
Suppose -3*b + 362 + 61 = 0. List the prime factors of b.
3, 47
Let g be 0 - (0 - 0) - -2. Suppose 3*q + g*d - 20 = 0, 0 = 3*q + 8*d - 4*d - 22. What are the prime factors of q?
2, 3
Let o(k) = -3*k**3 - 2*k**2 - 4*k - 3. Let a be o(-2). Suppose 0 = -t - 2*t - 5*u + 43, t = -5*u + a. What are the prime factors of t?
11
Let v(n) = -10*n + 8. List the prime factors of v(-4).
2, 3
Let g be 0/2 - (4 + 29). Let o = -18 - g. List the prime factors of o.
3, 5
Suppose -4*r - 3*q = -5*q + 186, -5*r = 5*q + 255. Let o = -12 - r. Suppose -24 = -5*m + o. What are the prime factors of m?
2, 3
Suppose -3*g = -3*l - 702, -3*l + 583 = 3*g - 131. List the prime factors of g.
2, 59
Let b be 80/30 + 4/(-6). What are the prime factors of 25 - 2/(-1) - b?
5
Let z = 0 + 24. What are the prime factors of z?
2, 3
Let l be (-2)/(-4)*(-10 + 0). Let c(k) = -3*k + 5. Let o be c(l). List the prime factors of o + (-1)/((-3)/(-3)).
19
Let a = -6 - -11. Suppose -a*g + 116 = 31. What are the prime factors of g?
17
Let b be (0 + -1 + -1)*2. Suppose 13 = 4*i - d - 85, 5*i = 4*d + 128. Let w = b + i. List the prime factors of w.
2, 5
Let s(c) = -61*c - 7. What are the prime factors of s(-1)?
2, 3
What are the prime factors of (-1 + 15)/(((-8)/52)/(-1))?
7, 13
Suppose -b + 14 = -5*m, -b = 3*b + 3*m - 10. Let k be 11 + (3 - (-2 - -4)). Let f = k - b. List the prime factors of f.
2
Suppose 3 = -a + 7. Suppose 4*q - 2*q - a = 0. Suppose -3*x - 1 = d, q*d + 5*x + 7 = d. List the prime factors of d.
2
Let g(b) = -b**2 - 1. Let i(u) = u**3 - u**2 - u - 9. Let d(p) = 2*g(p) - i(p). What are the prime factors of d(0)?
7
Suppose -2*t + 78 = -0*u + u, -u + 82 = -2*t. Let f = u - 42. List the prime factors of f.
2, 19
Let a(y) = -9*y + 1. Let x(b) = -b**3 - 7*b**2 - 7*b - 8. Let t be x(-6). Let k(s) = 17*s - 3. Let l(q) = t*k(q) - 5*a(q). What are the prime factors of l(1)?
2, 3
Let j(q) = q + 18. What are the prime factors of j(-6)?
2, 3
Suppose -80 = -6*u + 298. List the prime factors of u.
3, 7
Let i = 14 + 4. What are the prime factors of i?
2, 3
Let s be 14*(-2)/(12/3). Let n = -3 - s. Suppose 2*y + 7*c - 2*c = 0, c + 22 = n*y. What are the prime factors of y?
5
Let l(s) = s**3 + 2*s**2 - s - 5. What are the prime factors of l(4)?
3, 29
Suppose 9 + 1 = -w. List the prime factors of (-1)/2*(-10 + w).
2, 5
Suppose 4*n = -2 + 290. What are the prime factors of n?
2, 3
Let k(g) = g**3 + 4*g**2 - 6*g + 1. Let j be k(-5). Let u be (-1)/4 - (-36)/16. List the prime factors of (j - u/1)*2.
2
Let g be (-44)/(-8) + 1/(-2). Suppose 13 = g*h - 62. What are the prime factors of h?
3, 5
Suppose -5*z + 100 = 5*v, 8*v - 3*v + 2*z - 94 = 0. List the prime factors of v.
2, 3
Let l(v) = 2*v - 4. List the prime factors of l(6).
2
Suppose -2 = -5*v + 3. Let m = 3 - v. Suppose 5*x = 17 - m. What are the prime factors of x?
3
Let k(x) = -43*x - 15. List the prime factors of k(-3).
2, 3, 19
Let q(t) = -3*t - 20. What are the prime factors of q(-16)?
2, 7
Let k(r) = -r**2 + 10*r - 6. List the prime factors of k(7).
3, 5
Let a(f) = f**3 + f**2 + 22. List the prime factors of a(0).
2, 11
Suppose 4*w = 7 - 27, -5*w - 13 = 4*o. Suppose -o*x - 2*x = 0. List the prime factors of 5*(x - 1)/(-1).
5
Suppose a - 7 = -4. Suppose 0 = -3*c - 2*v - 7 + 33, c + a*v = 18. Let q(t) = -t**2 + 8*t + 3. What are the prime factors of q(c)?
3, 5
Suppose -3 + 5 = 3*s - 2*c, 0 = -s - 2*c - 10. Let a = 7 + s. Suppose 3*q - 21 = -a*t, -17 = -q - 2*t - 3*t. List the prime factors of q.
2
Let j be (-8)/1 - (1 + -2). Let p(y) = y**3 + 8*y**2 + 6*y - 1. What are the prime factors of p(j)?
2, 3
Let v = 19 - -21. What are the prime factors of v?
2, 5
Let i(p) = -p**2 - 2*p - 1. Suppose -k - 4*k - 5 = 0. Let t be i(k). Let u = 9 - t. List the prime factors of u.
3
Let k(m) = -4*m - 2. Suppose -2*x + 5*j - 24 = 0, x + 2*j + 2*j = -12. Let t be ((-6)/(-4))/(x/16). What are the prime factors of k(t)?
2, 3
Let m be (-10)/(-35) + (-2)/7. Let l(g) = -g**2 + 15. What are the prime factors of l(m)?
3, 5
Let s = 46 - 5. Suppose 4*n + s = o, n + 2*o = -3*n - 38. Let d = 21 + n. What are the prime factors of d?
11
Let a(g) = g**2 + 7. Let y be a(0). Let m(q) = 8 - 2*q + y*q - 8*q**2 + 9*q**2. What are the prime factors of m(-6)?
2, 7
Let l = -2 + 3. Let i be 2 - (-10)/(1 + l). Let p = 2 + i. What are the prime factors of p?
3
Let f(q) = -q - 3. Let c be f(-5). Let v be 556/(-10) - c/5. List the prime factors of 2/6 - v/12.
5
Suppose -q + 4 = -0*q. Let p be (q/12)/(2/(-12)). List the prime factors of (49/p)/(-7)*4.
2, 7
Suppose 4*l - 10 = 10. Let p(j) = 4*j**2 - 3. Let w be p(-2). Let i = l + w. What are the prime factors of i?
2, 3
Let m = 170 + -87. Suppose 4*v - m = -5*i, -4*i + 